 prime?
True
Is 257442919 prime?
False
Is 143077300871 a prime number?
True
Is 742735393 a composite number?
False
Is 20000253583 a prime number?
False
Is 8891469929 prime?
False
Is 4546731257 a composite number?
False
Is 10050220151 composite?
False
Is 1800687529 prime?
False
Is 995974561 a prime number?
True
Is 5148007451 composite?
False
Is 36877047871 prime?
False
Is 1717467463 composite?
False
Is 5343573815 prime?
False
Is 13898803 composite?
True
Is 416999621 composite?
True
Is 3609980963 a composite number?
False
Is 276246907 composite?
True
Is 807092827 prime?
False
Is 5039894423 a prime number?
False
Is 1550556457 a prime number?
False
Is 5233617131 a composite number?
True
Is 21395809837 composite?
False
Is 16372295101 composite?
False
Is 1707632515 a prime number?
False
Is 89504557991 a prime number?
False
Is 384052937 a composite number?
False
Is 968712383 a composite number?
False
Is 7438923803 prime?
True
Is 6175600862 a prime number?
False
Is 1216175747 a composite number?
False
Is 58457954989 a composite number?
True
Is 339544027 composite?
True
Is 61210612651 composite?
True
Is 60377299 composite?
False
Is 10614268177 a prime number?
False
Is 2150736457 a prime number?
True
Is 22727626459 a composite number?
False
Is 233101651 composite?
False
Is 618815843 a composite number?
True
Is 136970893 a composite number?
False
Is 1982218577 a composite number?
True
Is 6707358445 a prime number?
False
Is 1815875137 a composite number?
True
Is 1675566443 a prime number?
True
Is 365945071 prime?
True
Is 15779286785 composite?
True
Is 983796431 prime?
False
Is 31057364891 a prime number?
False
Is 5534173 a prime number?
False
Is 1700264993 a prime number?
False
Is 1486014503 a prime number?
False
Is 7462390919 a prime number?
True
Is 225736337 prime?
True
Is 116206399 prime?
True
Is 546831317 a composite number?
True
Is 389456902 prime?
False
Is 1225586107 prime?
True
Is 517937773 prime?
False
Is 7475233559 a prime number?
True
Is 19189001542 prime?
False
Is 47447606697 a composite number?
True
Is 2497255963 prime?
True
Is 32170634099 composite?
True
Is 1047076169 a composite number?
False
Is 2082033721 prime?
False
Is 28181503541 a prime number?
False
Is 116411042083 composite?
True
Is 7785363935 prime?
False
Is 141095417 a prime number?
False
Is 2286748951 prime?
False
Is 28588557145 composite?
True
Is 637605671 prime?
True
Is 16960863563 composite?
True
Is 194472121 a composite number?
True
Is 2482421107 a prime number?
False
Is 46841411 composite?
True
Is 292730935139 a composite number?
False
Is 13335884687 composite?
False
Is 16137038773 a prime number?
False
Is 1021451477 prime?
False
Is 119089930237 a prime number?
True
Is 4696484329 composite?
False
Is 884306123 a composite number?
False
Is 4925517599 composite?
False
Is 110604761 prime?
False
Is 174845031419 a composite number?
True
Is 103785678167 prime?
True
Is 8526606163 a composite number?
False
Is 74724318427 prime?
False
Is 606477721 a composite number?
True
Is 13880889667 prime?
True
Is 6237542059 composite?
True
Is 6125230019 a prime number?
True
Is 6967389703 composite?
True
Is 23877528739 a composite number?
True
Is 3444005659 a composite number?
False
Is 6143634191 a prime number?
True
Is 47818153 composite?
False
Is 1875961261 a composite number?
True
Is 25287583369 prime?
False
Is 28717221427 a prime number?
True
Is 42648575941 prime?
True
Is 22330502503 composite?
False
Is 858607277 composite?
True
Is 282135671 a composite number?
True
Is 1685612699 a composite number?
True
Is 104618669 composite?
False
Is 528041387 composite?
False
Is 1385816879 a composite number?
False
Is 1493855417 a prime number?
True
Is 2008138793 prime?
True
Is 3011093149 prime?
True
Is 1086799873 composite?
False
Is 3278180099 prime?
True
Is 77929704521 a prime number?
True
Is 405300673 a prime number?
True
Is 86586748211 a prime number?
True
Is 21736632955 a prime number?
False
Is 3469356391 prime?
False
Is 1100721541 a composite number?
True
Is 3200672207 prime?
True
Is 43145712667 a composite number?
True
Is 1058991317 a composite number?
False
Is 163048339 prime?
True
Is 11192724581 prime?
True
Is 2504260237 composite?
False
Is 4344872981 a prime number?
False
Is 4057974703 composite?
True
Is 2669913049 composite?
False
Is 3708378361 prime?
False
Is 2016180715 a composite number?
True
Is 8911034441 a composite number?
False
Is 3312342389 prime?
False
Is 1905335191 a prime number?
True
Is 3537724573 a composite number?
True
Is 25629809579 a composite number?
True
Is 98260443851 prime?
True
Is 726273701 prime?
True
Is 1236296141 a composite number?
False
Is 60502359971 a composite number?
False
Is 266592449 a composite number?
False
Is 2763543493 a prime number?
True
Is 137082234295 a composite number?
True
Is 161706887 prime?
True
Is 27081817151 a composite number?
False
Is 7949664053 a composite number?
False
Is 9462471497 a prime number?
False
Is 9160006903 a composite number?
True
Is 81882968341 a composite number?
False
Is 1849525679 a composite number?
False
Is 1790235457 a composite number?
False
Is 2636689241 a composite number?
False
Is 709102501 composite?
False
Is 29910519337 composite?
True
Is 84594871 composite?
False
Is 5671559723 a composite number?
True
Is 283998803 prime?
False
Is 15539839379 a composite number?
True
Is 156846759 a prime number?
False
Is 127026048287 a composite number?
False
Is 299719603 composite?
False
Is 4821139811 prime?
True
Is 299059517 prime?
True
Is 100554401 composite?
True
Is 1176992723 a prime number?
True
Is 2094763211 a prime number?
False
Is 851233213 prime?
True
Is 4801402299 composite?
True
Is 485976613 prime?
True
Is 2544299299 composite?
True
Is 1198666223 a composite number?
True
Is 1854892927 prime?
True
Is 683577185 composite?
True
Is 94089871 composite?
False
Is 7570578257 composite?
True
Is 72809441 prime?
True
Is 1343052485 composite?
True
Is 387076051 a composite number?
False
Is 9132856801 prime?
False
Is 2216655797 composite?
True
Is 11977540187 a prime number?
True
Is 624999979 a prime number?
True
Is 12836271941 composite?
False
Is 424080482909 a prime number?
True
Is 32924963891 composite?
False
Is 269282399 composite?
True
Is 2048294641 composite?
False
Is 113567798107 a prime number?
True
Is 16634766481 a prime number?
False
Is 23019163883 prime?
True
Is 6840507061 a composite number?
False
Is 2029723207 composite?
False
Is 1286020763 prime?
False
Is 2167147427 a prime number?
False
Is 5068560857 prime?
True
Is 89748413 composite?
False
Is 113131118539 prime?
True
Is 685211897 a composite number?
True
Is 7222904341 a prime number?
True
Is 202505081 prime?
True
Is 15156861067 composite?
True
Is 1693217437 a composite number?
False
Is 1715777237 prime?
False
Is 41419006463 a prime number?
True
Is 32092590401 a prime number?
True
Is 3021505337 composite?
True
Is 50171114179 a composite number?
True
Is 1680450043 a prime number?
True
Is 48263022722 a composite number?
True
Is 35931549889 a composite number?
True
Is 14841285131 composite?
True
Is 1489876987 prime?
True
Is 5680918381 composite?
True
Is 213922479 prime?
False
Is 1800173974 a prime number?
False
Is 25098171379 a composite number?
True
Is 805024177 prime?
True
Is 20779348193 prime?
True
Is 4025677937 a composite number?
False
Is 6355820631 composite?
True
Is 3374836477 prime?
False
Is 743459179 composite?
True
Is 14502051665 composite?
True
Is 1983534529 prime?
True
Is 3950442253 prime?
True
Is 3942169063 prime?
False
Is 72648611807 prime?
True
Is 873865117 composite?
False
Is 1338603569 prime?
False
Is 1711601519 prime?
False
Is 29363463985 a prime number?
False
Is 10173116711 composite?
True
Is 983016911 composite?
False
Is 1091674511 prime?
True
Is 2560383841 composite?
True
Is 4485234953 composite?
False
Is 25718711 prime?
True
Is 62339539 a prime number?
True
Is 33295445305 composite?
True
Is 3023969854 a prime number?
False
Is 265404439 a composite number?
True
Is 511241179 a prime number?
True
Is 51025943 prime?
True
Is 8555439953 composite?
True
Is 1226699009 a prime number?
True
Is 6474622813 a prime number?
True
Is 100471806053 prime?
False
Is 2502180113 a composite number?
False
Is 425717099 composite?
True
Is 6466466099 a prime number?
False
Is 697